ided by 1112.
452
What is the remainder when 37223 is divided by 18?
17
Calculate the remainder when 290632 is divided by 865.
857
Calculate the remainder when 332774 is divided by 261.
260
What is the remainder when 35866 is divided by 28?
26
Calculate the remainder when 29187 is divided by 9728.
3
Calculate the remainder when 3711 is divided by 247.
6
What is the remainder when 6787 is divided by 2246?
49
Calculate the remainder when 671228 is divided by 92.
88
What is the remainder when 125910 is divided by 31468?
38
Calculate the remainder when 821560 is divided by 7.
5
Calculate the remainder when 8268 is divided by 121.
40
What is the remainder when 10906 is divided by 158?
4
Calculate the remainder when 12430 is divided by 37.
35
Calculate the remainder when 23852 is divided by 261.
101
Calculate the remainder when 15001 is divided by 2986.
71
Calculate the remainder when 1420143 is divided by 221.
218
What is the remainder when 123190 is divided by 28?
18
Calculate the remainder when 303622 is divided by 36.
34
What is the remainder when 1041664 is divided by 281?
278
What is the remainder when 1690 is divided by 842?
6
Calculate the remainder when 3209 is divided by 323.
302
Calculate the remainder when 8767 is divided by 59.
35
What is the remainder when 7182 is divided by 218?
206
Calculate the remainder when 13636 is divided by 131.
12
Calculate the remainder when 21435 is divided by 3571.
9
Calculate the remainder when 31827 is divided by 15910.
7
What is the remainder when 120535 is divided by 244?
243
What is the remainder when 2102668 is divided by 766?
764
What is the remainder when 56541 is divided by 124?
121
Calculate the remainder when 111543 is divided by 361.
355
What is the remainder when 4467 is divided by 283?
222
Calculate the remainder when 1498 is divided by 330.
178
Calculate the remainder when 104177 is divided by 179.
178
What is the remainder when 754 is divided by 176?
50
Calculate the remainder when 62590 is divided by 8940.
10
What is the remainder when 764 is divided by 496?
268
Calculate the remainder when 6284 is divided by 973.
446
What is the remainder when 5428 is divided by 188?
164
What is the remainder when 3286 is divided by 234?
10
What is the remainder when 1300 is divided by 25?
0
What is the remainder when 7887 is divided by 153?
84
Calculate the remainder when 154068 is divided by 957.
948
What is the remainder when 9729 is divided by 278?
277
What is the remainder when 862 is divided by 173?
170
Calculate the remainder when 463530 is divided by 48.
42
Calculate the remainder when 92037 is divided by 120.
117
What is the remainder when 21827 is divided by 7271?
14
Calculate the remainder when 5414 is divided by 200.
14
Calculate the remainder when 4919 is divided by 136.
23
What is the remainder when 533 is divided by 443?
90
Calculate the remainder when 2340 is divided by 2325.
15
What is the remainder when 18155 is divided by 68?
67
What is the remainder when 420 is divided by 70?
0
Calculate the remainder when 25198 is divided by 6295.
18
Calculate the remainder when 5864 is divided by 178.
168
Calculate the remainder when 152719 is divided by 76330.
59
What is the remainder when 415376 is divided by 483?
479
What is the remainder when 122506 is divided by 259?
258
Calculate the remainder when 9352 is divided by 2337.
4
What is the remainder when 43281 is divided by 14343?
252
Calculate the remainder when 11290 is divided by 67.
34
What is the remainder when 787 is divided by 250?
37
Calculate the remainder when 1389 is divided by 731.
658
Calculate the remainder when 6904947 is divided by 1950.
1947
What is the remainder when 18886 is divided by 105?
91
What is the remainder when 19888 is divided by 40?
8
What is the remainder when 55475 is divided by 414?
413
What is the remainder when 65873 is divided by 4113?
65
Calculate the remainder when 10553 is divided by 235.
213
What is the remainder when 1859 is divided by 77?
11
Calculate the remainder when 1326409 is divided by 1679.
1678
What is the remainder when 173262 is divided by 136?
134
Calculate the remainder when 1662 is divided by 127.
11
Calculate the remainder when 1809 is divided by 259.
255
Calculate the remainder when 3203 is divided by 532.
11
What is the remainder when 15251 is divided by 113?
109
Calculate the remainder when 21850 is divided by 10890.
70
Calculate the remainder when 14776 is divided by 68.
20
Calculate the remainder when 833 is divided by 88.
41
What is the remainder when 17923 is divided by 40?
3
Calculate the remainder when 31438 is divided by 655.
653
What is the remainder when 6224 is divided by 173?
169
What is the remainder when 94292 is divided by 250?
42
Calculate the remainder when 702694 is divided by 234.
226
Calculate the remainder when 68739 is divided by 34.
25
Calculate the remainder when 2253 is divided by 57.
30
What is the remainder when 1094 is divided by 293?
215
What is the remainder when 3026 is divided by 603?
11
What is the remainder when 112093 is divided by 159?
157
Calculate the remainder when 2204933 is divided by 102.
101
Calculate the remainder when 4220 is divided by 1231.
527
Calculate the remainder when 53990 is divided by 450.
440
Calculate the remainder when 118010 is divided by 39324.
38
Calculate the remainder when 271227 is divided by 832.
827
What is the remainder when 273 is divided by 80?
33
Calculate the remainder when 2416 is divided by 6.
4
What is the remainder when 16750 is divided by 5578?
16
What is the remainder when 3046 is divided by 983?
97
What is the remainder when 1215 is divided by 89?
58
Calculate the remainder when 25991 is divided by 17.
15
What is the remainder when 17401 is divided by 16986?
415
What is the remainder when 1984 is divided by 370?
134
Calculate the remainder when 24006 is divided by 4800.
6
Calculate the remainder when 408 is divided by 278.
130
What is the remainder when 856599 is divided by 40?
39
What is the remainder when 6993 is divided by 127?
8
Calculate the remainder when 147713 is divided by 46.
7
Calculate the remainder when 65127 is divided by 2955.
117
Calculate the remainder when 289362 is divided by 24113.
6
What is the remainder when 13244 is divided by 70?
14
Calculate the remainder when 30084 is divided by 55.
54
What is the remainder when 35501 is divided by 7082?
91
Calculate the remainder when 3920 is divided by 976.
16
Calculate the remainder when 134 is divided by 78.
56
Calculate the remainder when 15951 is divided by 5309.
24
What is the remainder when 1233 is divided by 177?
171
Calculate the remainder when 109379 is divided by 318.
305
Calculate the remainder when 384 is divided by 36.
24
What is the remainder when 47420 is divided by 52?
48
Calculate the remainder when 468738 is divided by 91.
88
Calculate the remainder when 25196 is divided by 12592.
12
What is the remainder when 310648 is divided by 111?
70
Calculate the remainder when 934 is divided by 140.
94
Calculate the remainder when 441002 is divided by 411.
410
What is the remainder when 5117 is divided by 1450?
767
What is the remainder when 19299 is divided by 139?
117
Calculate the remainder when 5681 is divided by 201.
53
Calculate the remainder when 27987 is divided by 13.
11
Calculate the remainder when 1309 is divided by 290.
149
What is the remainder when 308 is divided by 72?
20
Calculate the remainder when 4322 is divided by 521.
154
Calculate the remainder when 34978 is divided by 11655.
13
What is the remainder when 1110671 is divided by 24?
23
What is the remainder when 17793 is divided by 11?
6
Calculate the remainder when 15181 is divided by 140.
61
Calculate the remainder when 2652 is divided by 1297.
58
Calculate the remainder when 2583 is divided by 321.
15
What is the remainder when 32068 is divided by 221?
23
Calculate the remainder when 11609 is divided by 2067.
1274
What is the remainder when 102856 is divided by 2392?
0
What is the remainder when 19600 is divided by 2799?
7
Calculate the remainder when 51535 is divided by 60.
55
Calculate the remainder when 6570 is divided by 1633.
38
Calculate the remainder when 789797 is divided by 1436.
1433
Calculate the remainder when 642085 is divided by 53506.
13
Calculate the re